e thousands digit of 1444294?
4
What is the hundred thousands digit of 441319?
4
What is the units digit of 1981907?
7
What is the tens digit of 11495435?
3
What is the hundreds digit of 28785823?
8
What is the hundred thousands digit of 934880?
9
What is the millions digit of 2695081?
2
What is the millions digit of 1826614?
1
What is the thousands digit of 262130?
2
What is the hundreds digit of 789414?
4
What is the thousands digit of 302814?
2
What is the hundred thousands digit of 2235932?
2
What is the tens digit of 4307155?
5
What is the hundreds digit of 67428?
4
What is the thousands digit of 8404063?
4
What is the units digit of 155360?
0
What is the ten thousands digit of 2623482?
2
What is the thousands digit of 1634288?
4
What is the hundreds digit of 18705316?
3
What is the ten thousands digit of 15680059?
8
What is the tens digit of 1420591?
9
What is the thousands digit of 2175317?
5
What is the millions digit of 4492068?
4
What is the millions digit of 7293053?
7
What is the hundred thousands digit of 2371018?
3
What is the ten thousands digit of 12914?
1
What is the hundreds digit of 4626262?
2
What is the units digit of 3287688?
8
What is the tens digit of 36277?
7
What is the tens digit of 9668034?
3
What is the hundred thousands digit of 1898288?
8
What is the hundred thousands digit of 815970?
8
What is the units digit of 7471406?
6
What is the millions digit of 20233373?
0
What is the hundreds digit of 891017?
0
What is the hundreds digit of 3115014?
0
What is the thousands digit of 448191?
8
What is the hundred thousands digit of 125108?
1
What is the hundred thousands digit of 848956?
8
What is the tens digit of 281208?
0
What is the hundred thousands digit of 202544?
2
What is the units digit of 1509972?
2
What is the tens digit of 207984?
8
What is the tens digit of 1485785?
8
What is the ten thousands digit of 547581?
4
What is the hundred thousands digit of 2064255?
0
What is the tens digit of 9882421?
2
What is the units digit of 16943856?
6
What is the ten thousands digit of 175012?
7
What is the tens digit of 3797224?
2
What is the thousands digit of 1589866?
9
What is the thousands digit of 7375267?
5
What is the thousands digit of 2678416?
8
What is the units digit of 944118?
8
What is the units digit of 509954?
4
What is the ten thousands digit of 1139042?
3
What is the hundreds digit of 1383307?
3
What is the thousands digit of 958925?
8
What is the ten thousands digit of 4173787?
7
What is the millions digit of 17218682?
7
What is the hundreds digit of 11900?
9
What is the tens digit of 28234?
3
What is the units digit of 53155?
5
What is the hundreds digit of 188870?
8
What is the tens digit of 1701948?
4
What is the units digit of 354360?
0
What is the thousands digit of 120217?
0
What is the hundreds digit of 1119703?
7
What is the thousands digit of 314513?
4
What is the thousands digit of 8981830?
1
What is the ten millions digit of 17050515?
1
What is the thousands digit of 805789?
5
What is the tens digit of 990522?
2
What is the ten thousands digit of 15817908?
1
What is the ten thousands digit of 95904?
9
What is the thousands digit of 4395839?
5
What is the ten millions digit of 27325037?
2
What is the hundreds digit of 271131?
1
What is the hundreds digit of 11609981?
9
What is the tens digit of 6521751?
5
What is the hundred thousands digit of 1185080?
1
What is the thousands digit of 6131430?
1
What is the hundred thousands digit of 2796638?
7
What is the thousands digit of 702698?
2
What is the tens digit of 756306?
0
What is the ten thousands digit of 1196568?
9
What is the hundreds digit of 252962?
9
What is the thousands digit of 410392?
0
What is the hundred thousands digit of 431283?
4
What is the ten thousands digit of 4163208?
6
What is the millions digit of 6864626?
6
What is the hundred thousands digit of 32254304?
2
What is the thousands digit of 2987611?
7
What is the ten thousands digit of 495533?
9
What is the thousands digit of 30819879?
9
What is the hundred thousands digit of 174570?
1
What is the ten thousands digit of 1293566?
9
What is the thousands digit of 37758863?
8
What is the tens digit of 1819853?
5
What is the tens digit of 21673946?
4
What is the thousands digit of 966105?
6
What is the hundred thousands digit of 624509?
6
What is the hundred thousands digit of 211852?
2
What is the thousands digit of 7475032?
5
What is the units digit of 514452?
2
What is the ten thousands digit of 101831?
0
What is the tens digit of 1682066?
6
What is the hundreds digit of 656889?
8
What is the hundreds digit of 496726?
7
What is the hundreds digit of 1233383?
3
What is the hundreds digit of 1463206?
2
What is the units digit of 210850?
0
What is the hundreds digit of 13244336?
3
What is the tens digit of 69729?
2
What is the hundreds digit of 3951055?
0
What is the units digit of 161764?
4
What is the units digit of 1820659?
9
What is the hundreds digit of 2613883?
8
What is the hundreds digit of 6874868?
8
What is the thousands digit of 19733169?
3
What is the thousands digit of 13677791?
7
What is the tens digit of 958018?
1
What is the hundred thousands digit of 2476602?
4
What is the thousands digit of 184600?
4
What is the millions digit of 22863893?
2
What is the ten thousands digit of 2661230?
6
What is the millions digit of 37479150?
7
What is the ten thousands digit of 53627?
5
What is the hundreds digit of 9522677?
6
What is the millions digit of 2076299?
2
What is the ten thousands digit of 272867?
7
What is the tens digit of 10322690?
9
What is the hundred thousands digit of 211526?
2
What is the thousands digit of 368011?
8
What is the tens digit of 787865?
6
What is the thousands digit of 205826?
5
What is the hundreds digit of 2749600?
6
What is the thousands digit of 414007?
4
What is the hundred thousands digit of 470484?
4
What is the ten thousands digit of 4815975?
1
What is the tens digit of 256451?
5
What is the tens digit of 298514?
1
What is the ten millions digit of 12658351?
1
What is the hundred thousands digit of 3477914?
4
What is the hundred thousands digit of 4487519?
4
What is the tens digit of 8933188?
8
What is the thousands digit of 425136?
5
What is the tens digit of 463489?
8
What is the thousands digit of 3388526?
8
What is the hundred thousands digit of 3360635?
3
What is the hundreds digit of 31445190?
1
What is the units digit of 337062?
2
What is the thousands digit of 134630?
4
What is the thousands digit of 74469?
4
What is the tens digit of 340338?
3
What is the hundreds digit of 9352693?
6
What is the hundreds digit of 8737585?
5
What is the thousands digit of 205617?
5
What is the thousands digit of 289953?
9
What is the units digit of 1015699?
9
What is the ten thousands digit of 618040?
1
What is the hundred thousands digit of 673467?
6
What is the units digit of 512534?
4
What is the units digit of 3069511?
1
What is the hundreds digit of 549185?
1
What is the ten thousands digit of 335658?
3
What is the units digit of 1360211?
1
What is the hundreds digit of 11752056?
0
What is the thousands digit of 3851619?
1
What is the millions digit of 3989282?
3
What is the thousands digit of 16382374?
2
What is the hundred thousands digit of 4396873?
3
What is the ten thousands digit of 9962158?
6
What is the units digit of 229792?
2
What is the hundreds digit of 985306?
3
What is the hundred thousands digit of 13332091?
3
What is the units digit of 25070674?
4
What is the ten thousands digit of 463631?
6
What is the hundreds digit of 2731694?
6
What is the tens digit of 9125964?
6
What is the ten thousands digit of 988804?
8
What is the units digit of 2024455?
5
What is the units digit of 2344267?
7
What is the hundreds digit of 11902449?
4
What is the ten thousands digit of 68135?
6
What is the ten thousands digit of 554381?
5
What is the hundreds digit of 18015331?
3
What is the hundreds digit of 3378203?
2
What is the hundred thousands digit of 1274541?
2
What is the thousands digit of 399235?
9
What is the tens digit of 2222907?
0
What is the tens digit of 444063?
6
What is the ten thousands digit of 152113?
5
What is the units digit of 26148555?
5
What is the hundreds digit of 91789?
7
What is the thousands digit of 130576?
0
Wha